30?
15336
Calculate the remainder when 18315191 is divided by 50.
41
Calculate the remainder when 22613415 is divided by 161.
160
What is the remainder when 5031945 is divided by 3850?
3845
What is the remainder when 163577 is divided by 435?
17
What is the remainder when 421083 is divided by 17?
10
What is the remainder when 359428 is divided by 4036?
224
Calculate the remainder when 92092 is divided by 1803.
139
What is the remainder when 691110 is divided by 473?
57
What is the remainder when 69755647 is divided by 2525?
2522
Calculate the remainder when 359164 is divided by 1256.
1204
Calculate the remainder when 34269 is divided by 3155.
2719
Calculate the remainder when 1283199 is divided by 61104.
15
Calculate the remainder when 20666 is divided by 1960.
1066
What is the remainder when 1587105 is divided by 423?
9
What is the remainder when 3447017 is divided by 92?
53
Calculate the remainder when 994863 is divided by 943.
941
What is the remainder when 58814 is divided by 11412?
1754
Calculate the remainder when 11945791 is divided by 3986.
3735
Calculate the remainder when 161202 is divided by 8978.
8576
What is the remainder when 3368162 is divided by 1122578?
428
What is the remainder when 11020 is divided by 657?
508
Calculate the remainder when 89818142 is divided by 2366.
50
Calculate the remainder when 87786 is divided by 1025.
661
What is the remainder when 1079396 is divided by 15?
11
What is the remainder when 168991 is divided by 165?
31
What is the remainder when 2314045 is divided by 8?
5
Calculate the remainder when 6292858 is divided by 12.
10
What is the remainder when 3062202 is divided by 3062119?
83
What is the remainder when 22367 is divided by 5582?
39
Calculate the remainder when 84858 is divided by 55.
48
What is the remainder when 134710360 is divided by 26942070?
10
What is the remainder when 58664941 is divided by 262?
259
Calculate the remainder when 5357960 is divided by 2571.
2567
What is the remainder when 228728 is divided by 1186?
1016
What is the remainder when 591579 is divided by 197010?
549
What is the remainder when 6808722 is divided by 1399?
1188
What is the remainder when 340446 is divided by 2467?
0
Calculate the remainder when 257672338 is divided by 5501.
5498
Calculate the remainder when 701649 is divided by 37.
18
Calculate the remainder when 22843518 is divided by 1642.
14
What is the remainder when 9266347 is divided by 129?
19
What is the remainder when 12593475 is divided by 3148367?
7
Calculate the remainder when 236986 is divided by 2846.
768
Calculate the remainder when 278897 is divided by 92934.
95
What is the remainder when 8968853 is divided by 221?
10
Calculate the remainder when 2040928 is divided by 35802.
214
What is the remainder when 3133535 is divided by 13804?
27
What is the remainder when 128012 is divided by 224?
108
What is the remainder when 3014169 is divided by 133?
123
What is the remainder when 25164 is divided by 6285?
24
What is the remainder when 128110280 is divided by 123?
122
Calculate the remainder when 41228688 is divided by 1526988.
12
Calculate the remainder when 118710 is divided by 29658.
78
What is the remainder when 53362 is divided by 26518?
326
What is the remainder when 205826635 is divided by 249?
247
Calculate the remainder when 313364 is divided by 14922.
2
Calculate the remainder when 10498901 is divided by 13.
10
What is the remainder when 31997 is divided by 15648?
701
Calculate the remainder when 2718147 is divided by 906033.
48
What is the remainder when 102526 is divided by 117?
34
Calculate the remainder when 1994496 is divided by 125.
121
Calculate the remainder when 16508581 is divided by 9.
7
What is the remainder when 160694 is divided by 1474?
28
Calculate the remainder when 138783 is divided by 2715.
318
What is the remainder when 192678 is divided by 2406?
198
Calculate the remainder when 223693 is divided by 44725.
68
Calculate the remainder when 81319 is divided by 39040.
3239
What is the remainder when 185721 is divided by 346?
265
What is the remainder when 322041 is divided by 105309?
6114
What is the remainder when 2311851 is divided by 243?
192
Calculate the remainder when 11315508 is divided by 1885911.
42
Calculate the remainder when 60748 is divided by 20073.
529
What is the remainder when 5548387 is divided by 346773?
19
What is the remainder when 1413576 is divided by 542?
40
Calculate the remainder when 16394 is divided by 1987.
498
What is the remainder when 7304589 is divided by 372?
369
Calculate the remainder when 5687965 is divided by 406283.
3
What is the remainder when 3269331 is divided by 2771?
2322
Calculate the remainder when 119876 is divided by 845.
731
Calculate the remainder when 315373 is divided by 16580.
353
Calculate the remainder when 52719 is divided by 182.
121
What is the remainder when 114015 is divided by 2601?
2172
What is the remainder when 8466 is divided by 15?
6
What is the remainder when 128979356 is divided by 79?
6
What is the remainder when 3710 is divided by 3034?
676
Calculate the remainder when 452200 is divided by 1035.
940
Calculate the remainder when 398658 is divided by 1200.
258
Calculate the remainder when 9139710 is divided by 32.
30
What is the remainder when 8182256 is divided by 347?
343
What is the remainder when 70964270 is divided by 1359?
8
Calculate the remainder when 1850285 is divided by 80445.
50
Calculate the remainder when 29644 is divided by 2684.
120
What is the remainder when 384060 is divided by 3556?
12
Calculate the remainder when 5292584 is divided by 98.
94
What is the remainder when 78701 is divided by 2660?
1561
Calculate the remainder when 10661607 is divided by 3959.
20
Calculate the remainder when 27986899 is divided by 346.
343
What is the remainder when 82185 is divided by 81867?
318
What is the remainder when 44301011 is divided by 12?
11
What is the remainder when 1796699 is divided by 4804?
3
Calculate the remainder when 32539 is divided by 4784.
3835
What is the remainder when 24118518 is divided by 3445497?
39
What is the remainder when 1686287 is divided by 5303?
5236
Calculate the remainder when 1019669 is divided by 1242.
1229
What is the remainder when 23094 is divided by 4984?
3158
Calculate the remainder when 511754 is divided by 46208.
3466
What is the remainder when 2381842 is divided by 2381837?
5
What is the remainder when 48112622 is divided by 4811261?
12
What is the remainder when 272943 is divided by 425?
93
What is the remainder when 8073639 is divided by 8814?
15
Calculate the remainder when 2674486 is divided by 878.
98
Calculate the remainder when 4246047 is divided by 28.
15
What is the remainder when 724280 is divided by 65?
50
Calculate the remainder when 22720021 is divided by 13349.
23
What is the remainder when 157699 is divided by 9192?
1435
What is the remainder when 1811282 is divided by 169?
109
Calculate the remainder when 44427505 is divided by 14809161.
22
What is the remainder when 254869 is divided by 52?
17
Calculate the remainder when 44848 is divided by 7473.
10
Calculate the remainder when 1640137 is divided by 7388.
1
What is the remainder when 212282 is divided by 1984?
1978
What is the remainder when 379374 is divided by 2029?
1980
Calculate the remainder when 336804 is divided by 254.
0
What is the remainder when 454163 is divided by 729?
725
What is the remainder when 2142490 is divided by 144?
58
Calculate the remainder when 192944 is divided by 654.
14
What is the remainder when 53005 is divided by 2268?
841
Calculate the remainder when 30044747 is divided by 28.
19
What is the remainder when 79141 is divided by 1173?
550
What is the remainder when 533438169 is divided by 3519?
3516
What is the remainder when 1616612 is divided by 3553?
3550
Calculate the remainder when 6690575 is divided by 5758.
5537
Calculate the remainder when 20104765 is divided by 1318.
1311
What is the remainder when 18439537 is divided by 96542?
15
What is the remainder when 24852914 is divided by 158298?
128
What is the remainder when 26279102 is divided by 903?
899
Calculate the remainder when 6814308 is divided by 70982.
36
What is the remainder when 587747 is divided by 206?
29
Calculate the remainder when 726683 is 